ist the prime factors of x(m).
2, 5
Suppose 7*b = 2*b + 5*z + 3710, -730 = -b + 5*z. List the prime factors of b.
5, 149
Suppose -r - 115*b + 2013 = -111*b, 4*r - 2*b - 8070 = 0. List the prime factors of r.
2017
Let h = 1912 + -960. Let q = h + -661. List the prime factors of q.
3, 97
Suppose -2*l + 342 = -2*w, -4*l + w + 427 = -269. List the prime factors of l.
5, 7
Suppose -6*i + 559 = -3*j + 4699, 0 = 3*j + 5*i - 4184. List the prime factors of j.
2, 347
Suppose 3*h = -3*f - 2*h + 80, 0 = f - 3*h - 8. Suppose 10*x - 30 = f. List the prime factors of x.
5
Let v(u) = -15*u**3 - 2*u**2 - 3*u - 6. Let b(a) = a**2 + 5*a - 2. Let c be b(-5). List the prime factors of v(c).
2, 7
Let l(y) = -199*y + 64. What are the prime factors of l(-7)?
31, 47
Let i = -10 - -21. Let o = 13 - i. Suppose o*x - 80 = -5*z + 111, -4*x - 125 = -3*z. List the prime factors of z.
3, 13
Suppose -3*q = -6*q + 45. Suppose -q - 7 = -g. Suppose g = 4*t - 2*h, t = -2*t + h + 17. List the prime factors of t.
2, 3
Suppose 10*v - 8*v - 1057 = -5*k, -1050 = -5*k + 5*v. List the prime factors of k.
211
What are the prime factors of (((-21952)/12)/14)/(2/(-3))?
2, 7
What are the prime factors of -9 + 9 + 2 + 206*2?
2, 3, 23
List the prime factors of (-6)/10 + ((-4026)/(-10) - 9).
3, 131
Suppose -5*q - 3 + 1 = 3*f, -4*f = 16. Let a(o) = -o - 336*o**2 + 173*o**2 + 176*o**2. What are the prime factors of a(q)?
2, 5
Suppose -24*t - 789 = -2205. What are the prime factors of t?
59
Suppose -f + 116 = -a - 3*a, -91 = -f - a. What are the prime factors of f?
2, 3
Suppose -j = -5*j + 8. Suppose 5*t + j*z = 765, 0*t + 3*t + 5*z - 478 = 0. List the prime factors of t.
151
Let o(h) = 3*h + 2. Suppose 0 = -3*t - 44 + 14. Let d(l) = -l**3 - 11*l**2 - 11*l - 2. Let v be d(t). List the prime factors of o(v).
2, 13
Let m be (-2)/((6/(-35))/3). Suppose -25*z + 6 = -22*z. Suppose -3*u - z*q = -63, -5*q + 65 + m = 5*u. List the prime factors of u.
23
Let v be 5 - (-4 - -6 - 2). Suppose 0 = v*l + 4*t - 253, 2*l + l - 5*t = 137. What are the prime factors of l?
7
Let m = 423 - -140. What are the prime factors of m?
563
Let f be ((-7)/(-21))/(1/9). Suppose 10*t - 14 = f*t. List the prime factors of t/(-2) + 49 + 0.
2, 3
Suppose m + 4*r = 433, -5*m - r = -2*m - 1332. List the prime factors of m.
5, 89
Suppose 18*i = 14*i + 8. Suppose -3*d - 2*a = -806, -d = -0*d - i*a - 274. List the prime factors of d.
2, 3, 5
Let u be 322 + (3 - (-3 + 3)). Suppose -2*q - 2*i + 4*i + 138 = 0, -i - u = -5*q. Suppose -4*o = -52 - q. List the prime factors of o.
29
Suppose 380 = 5*r - k - k, r + 2*k - 88 = 0. What are the prime factors of ((-15)/(-9))/(3 + r/(-27))?
3, 5
Let h = 78 - 40. Let v = h - -6. List the prime factors of v.
2, 11
Let i be (-1647)/54*3/(6/(-4)). Let v = i + 69. List the prime factors of v.
2, 5, 13
Suppose 4*i - 4*k - 918 = -k, 0 = -4*i - k + 926. Suppose 0*f = 3*f - i. List the prime factors of f.
7, 11
Let n(m) = 5*m**2 + 39*m - 1. List the prime factors of n(-27).
2591
Let q(u) = 13*u + 212. Let z be q(-16). Suppose -4*w - 5*m = 401, -5*w + 4*m - 342 = 190. What are the prime factors of w/(-10)*10/z?
2, 13
Suppose 46 - 26 = -2*t. Let p be 0 + (-5)/(t/12). List the prime factors of p/21 + 855/21.
41
Suppose 59 = 4*w - 1. Suppose w = 3*o - 5*x, x + 6 - 3 = -4*o. Suppose 2*p + j + 16 = 6*j, -5*p + 5*j - 10 = o. What are the prime factors of p?
2
Let a = -72 + 1840. List the prime factors of a.
2, 13, 17
Let i be (-294)/9 + 2/(-6). Let s = 223 - 170. Let n = i + s. What are the prime factors of n?
2, 5
Let f = -57 + 47. What are the prime factors of (-10*f/(-6))/((-21)/63)?
2, 5
Let o(f) = -2*f + 3. Let u be o(0). Suppose -5*i + 212 = 2*s, 129 = 2*i + i + u*s. List the prime factors of i.
2, 3, 7
Suppose 3*w = 2358 + 2511. What are the prime factors of w?
3, 541
List the prime factors of 3/3*-8583*4/(-12).
2861
Let j = -22 - -17. Let l = j + 10. Suppose l*c - t = -4*t + 198, 4*c = 3*t + 153. What are the prime factors of c?
3, 13
Suppose -4*x + 3 = -3*m - 7, -3*x = -3*m - 6. Suppose -m*o + 3008 = 14*o. List the prime factors of o.
2, 47
Let l = -766 + 1296. Let r = l + -358. List the prime factors of r.
2, 43
Suppose -980 - 288 = -4*g. What are the prime factors of g?
317
Let r(z) = z**2 - 32*z + 228. List the prime factors of r(32).
2, 3, 19
Let o = 33 + -21. Let c(g) = g**3 - 13*g**2 + 12*g - 9. Let q be c(o). What are the prime factors of 42/q*(-90)/12?
5, 7
Let i(o) = -27*o + 27. What are the prime factors of i(-46)?
3, 47
Suppose -43510 = 2153*o - 2172*o. List the prime factors of o.
2, 5, 229
Let r(v) = -v + 11. Let b = -4 - -12. Let d be r(b). Suppose -d*y + a = -2*a - 99, y = 4*a + 33. List the prime factors of y.
3, 11
What are the prime factors of -3*3 - (-29016)/52?
3, 61
List the prime factors of 122*(2 + 4) - 3/(-1).
3, 5, 7
Suppose -5*q + 525 + 529 = z, 4*z - 4172 = 2*q. List the prime factors of z.
2, 3, 29
Let a(f) = -f**3 - 16*f**2 - 31*f - 15. What are the prime factors of a(-14)?
3
What are the prime factors of 804 + (4 + 4 - 7)?
5, 7, 23
Let g(n) = -n**3 - n**2 - n + 3. Let w be g(0). Let k(u) = 50*u + 2. What are the prime factors of k(w)?
2, 19
Let f be -1 + -3 + (5 - -1). Suppose 6 = 5*w - f*x, 2*w = -3*x + 2 - 11. Suppose w = -u - u + 6. What are the prime factors of u?
3
Suppose 343 - 6538 = -21*v. List the prime factors of v.
5, 59
Suppose 0 = 4*b, -o - b + 0 = -4. Suppose -3*n = 4*t - 354, -4*n + o = -4. What are the prime factors of t?
3, 29
Suppose -10971 = 20*i - 29071. What are the prime factors of i?
5, 181
Let n(a) = -a - 7. Let q be n(-7). Suppose 5*r = -10, -4*g + g + r + 227 = q. List the prime factors of -4*(-1 + g/(-12)).
29
Let l = -12831 + 18233. List the prime factors of l.
2, 37, 73
Let l(h) = -711*h - 71. List the prime factors of l(-3).
2, 1031
Let i = 19 - 8. Let j(v) be the first derivative of v**4/4 - 11*v**3/3 + v**2 + 15*v + 126. List the prime factors of j(i).
37
Let a = 6 - 12. Let k(o) = -2*o - 7. Let l be k(a). Suppose h = 4*z - 0*z + 46, -4*z = l*h - 158. What are the prime factors of h?
2, 17
Let n = 123 - -332. List the prime factors of n.
5, 7, 13
Suppose 0 = -2*d + 2 + 12. Let s = d + -4. What are the prime factors of ((-34)/(-8))/(s/12)?
17
Suppose 577*i - 2587 = 564*i. List the prime factors of i.
199
Let c = -74 + 118. Suppose 2*j - 46 = -21*j. Suppose 4*w = 4*a - 128, -c = -a - 0*a - j*w. List the prime factors of a.
2, 3
Suppose 9*a = 12053 + 3463. List the prime factors of a.
2, 431
Let l = -31 + 95. Let a be ((-54)/(-8))/(16/l). Suppose 0*x - x + a = 0. What are the prime factors of x?
3
Let y(i) = 158*i**3 - 2*i**2 - i. What are the prime factors of y(2)?
2, 3, 11, 19
Suppose 4*w = -2*d + w + 840, 0 = -4*d + 3*w + 1716. What are the prime factors of d?
2, 3, 71
Suppose 0 = 3*f + f - 3*w - 503, 140 = f + 4*w. Suppose -3*s + 194 = 2*n, 0*n - n = 2*s - f. List the prime factors of s.
2, 31
Let z(i) = 56*i**2 - 32*i - 173. What are the prime factors of z(-7)?
5, 13, 43
Let t(o) = 4*o**2 + 91*o + 10. List the prime factors of t(-27).
7, 67
Suppose 0 = -c + 487 + 195. List the prime factors of c.
2, 11, 31
Let h(a) = -a**2 - 1. Let n(k) = 4*k**2 - 8*k - 5. Let u(r) = 5*h(r) + n(r). Let j be u(-7). Let l = j + 48. What are the prime factors of l?
3, 5
Suppose -5*y - z + 15 = -6*z, 0 = y - 2*z - 3. Let d(i) = -45*i - 31. Let f(k) = 11*k + 8. Let m(q) = 2*d(q) + 9*f(q). What are the prime factors of m(y)?
37
Suppose -4*s + q + 1 - 2 = 0, 3*s = -2*q + 2. Suppose s = -5*z + 10*z - 20. Suppose 0*f + 2*f = -3*i + 59, -z*f - 2*i = -138. List the prime factors of f.
37
Suppose -174*y = -169*y, -3*t = y - 8055. List the prime factors of t.
3, 5, 179
Let d(w) = -w**3 + 11*w**2 + 15*w - 27. What are the prime factors of d(12)?
3
Let c(q) be the second derivative of q**4/12 + q**3 + 7*q**2 - 5*q. What are the prime factors of c(-6)?
2, 7
Let s = 4 + 28. Let r = 103 - s. List the prime factors of r.
71
List the prime factors of (-11152)/(-72) - 5/(-45).
5, 31
Let w = 289 - 113. What are the prime factors of w?
2, 11
Let o(r) = 4*r**3 + 4*r**2 - 8*r - 157. What are the prime factors of o(10)?
23, 181
Suppose 39*r = 30*r + 1341. Suppose 0 = -5*j + 2*p + 4, -3*p - 4 = 5*j - p. Suppose 5*i + w - r + 2 = j, -w - 153 = -5*i. What are the prime factors of i